{"id":683,"date":"2023-01-24T14:35:11","date_gmt":"2023-01-24T14:35:11","guid":{"rendered":"https:\/\/pinarsaglik.com\/?page_id=683"},"modified":"2023-02-10T13:52:08","modified_gmt":"2023-02-10T13:52:08","slug":"easysmear","status":"publish","type":"page","link":"https:\/\/pinars.com.tr\/index.php\/easysmear\/","title":{"rendered":"Easy Smear"},"content":{"rendered":"\t\t<div data-elementor-type=\"wp-page\" data-elementor-id=\"683\" class=\"elementor elementor-683\">\n\t\t\t\t\t\t\t\t\t<section class=\"elementor-section elementor-top-section elementor-element elementor-element-ee2d7cf elementor-section-full_width elementor-section-height-default elementor-section-height-default\" data-id=\"ee2d7cf\" data-element_type=\"section\">\n\t\t\t\t\t\t<div class=\"elementor-container elementor-column-gap-default\">\n\t\t\t\t\t<div class=\"elementor-column elementor-col-100 elementor-top-column elementor-element elementor-element-5c59561\" data-id=\"5c59561\" data-element_type=\"column\">\n\t\t\t<div class=\"elementor-widget-wrap elementor-element-populated\">\n\t\t\t\t\t\t\t\t<div class=\"elementor-element elementor-element-4c0d40e elementor-widget elementor-widget-medibazar-custom-title\" data-id=\"4c0d40e\" data-element_type=\"widget\" data-widget_type=\"medibazar-custom-title.default\">\n\t\t\t\t<div class=\"elementor-widget-container\">\n\t\t\t<div class=\"section-title text-center\"><h2>Easy Smear<\/h2><p>Tek Kullan\u0131ml\u0131k Steril Smear Aparat\u0131<\/p><\/div>\t\t<\/div>\n\t\t\t\t<\/div>\n\t\t\t\t<div class=\"elementor-element elementor-element-e40de24 elementor-widget elementor-widget-image\" data-id=\"e40de24\" data-element_type=\"widget\" data-widget_type=\"image.default\">\n\t\t\t\t<div class=\"elementor-widget-container\">\n\t\t\t<style>\/*! elementor - v3.18.0 - 08-12-2023 *\/\n.elementor-widget-image{text-align:center}.elementor-widget-image a{display:inline-block}.elementor-widget-image a img[src$=\".svg\"]{width:48px}.elementor-widget-image img{vertical-align:middle;display:inline-block}<\/style>\t\t\t\t\t\t\t\t\t\t\t\t<img fetchpriority=\"high\" decoding=\"async\" width=\"960\" height=\"409\" src=\"https:\/\/pinars.com.tr\/wp-content\/uploads\/2023\/01\/smear_box-1024x436.jpg\" class=\"attachment-large size-large wp-image-633\" alt=\"\" srcset=\"https:\/\/pinars.com.tr\/wp-content\/uploads\/2023\/01\/smear_box-1024x436.jpg 1024w, https:\/\/pinars.com.tr\/wp-content\/uploads\/2023\/01\/smear_box-90x38.jpg 90w, https:\/\/pinars.com.tr\/wp-content\/uploads\/2023\/01\/smear_box-600x255.jpg 600w, https:\/\/pinars.com.tr\/wp-content\/uploads\/2023\/01\/smear_box-300x128.jpg 300w, https:\/\/pinars.com.tr\/wp-content\/uploads\/2023\/01\/smear_box-768x327.jpg 768w, https:\/\/pinars.com.tr\/wp-content\/uploads\/2023\/01\/smear_box-1536x654.jpg 1536w, https:\/\/pinars.com.tr\/wp-content\/uploads\/2023\/01\/smear_box.jpg 2000w\" sizes=\"(max-width: 960px) 100vw, 960px\" \/>\t\t\t\t\t\t\t\t\t\t\t\t\t\t\t<\/div>\n\t\t\t\t<\/div>\n\t\t\t\t\t<\/div>\n\t\t<\/div>\n\t\t\t\t\t\t\t<\/div>\n\t\t<\/section>\n\t\t\t\t<section class=\"elementor-section elementor-top-section elementor-element elementor-element-a3439f4 elementor-section-boxed elementor-section-height-default elementor-section-height-default\" data-id=\"a3439f4\" data-element_type=\"section\">\n\t\t\t\t\t\t<div class=\"elementor-container elementor-column-gap-default\">\n\t\t\t\t\t<div class=\"elementor-column elementor-col-50 elementor-top-column elementor-element elementor-element-c57d785\" data-id=\"c57d785\" data-element_type=\"column\">\n\t\t\t<div class=\"elementor-widget-wrap elementor-element-populated\">\n\t\t\t\t\t\t\t\t<div class=\"elementor-element elementor-element-6e2f5b0 elementor-widget elementor-widget-text-editor\" data-id=\"6e2f5b0\" data-element_type=\"widget\" data-widget_type=\"text-editor.default\">\n\t\t\t\t<div class=\"elementor-widget-container\">\n\t\t\t<style>\/*! elementor - v3.18.0 - 08-12-2023 *\/\n.elementor-widget-text-editor.elementor-drop-cap-view-stacked .elementor-drop-cap{background-color:#69727d;color:#fff}.elementor-widget-text-editor.elementor-drop-cap-view-framed .elementor-drop-cap{color:#69727d;border:3px solid;background-color:transparent}.elementor-widget-text-editor:not(.elementor-drop-cap-view-default) .elementor-drop-cap{margin-top:8px}.elementor-widget-text-editor:not(.elementor-drop-cap-view-default) .elementor-drop-cap-letter{width:1em;height:1em}.elementor-widget-text-editor .elementor-drop-cap{float:left;text-align:center;line-height:1;font-size:50px}.elementor-widget-text-editor .elementor-drop-cap-letter{display:inline-block}<\/style>\t\t\t\t<p>Her\u015feyin de\u011fi\u015fti\u011fi ve kurallar\u0131n alt \u00fcst \u015fu d\u00f6nemde rahim a\u011fz\u0131 kanser testini (smear testini) daha kolay hale getirmek ve yayg\u0131nla\u015ft\u0131rmak i\u00e7in yeni bir y\u00f6ntem geli\u015ftirdik.<\/p><p class=\"MsoNormal\" style=\"margin: 0cm; font-size: 12pt; font-family: Calibri, sans-serif; color: #000000;\">\u00a0<\/p><p>Bu sayede kad\u0131n do\u011fum doktorunun olmad\u0131\u011f\u0131 ya da vajinal spekulumun kullan\u0131lmad\u0131\u011f\u0131 bir ortamda \u00f6rnek al\u0131nabilecek. Jinekolojik muayene olmaktan ya da spekulumden korkan, kad\u0131n do\u011fum doktoruna ula\u015famayan, doktora gidebilecek zaman\u0131 olmayan herkesin ula\u015fabilece\u011fi Easy Smear ile kad\u0131nlar pap-smear testini zaman\u0131nda yapt\u0131rabilecekler.<\/p><p>Klasik y\u00f6ntemlerle pap-smear testinizi yapt\u0131ramayan t\u00fcm kad\u0131nlar i\u00e7in hayat kurtar\u0131c\u0131 olacak \u00e7\u00fcnk\u00fc ERKEN TE\u015eH\u0130S HAYAT KURTARIR.<\/p>\t\t\t\t\t\t<\/div>\n\t\t\t\t<\/div>\n\t\t\t\t\t<\/div>\n\t\t<\/div>\n\t\t\t\t<div class=\"elementor-column elementor-col-50 elementor-top-column elementor-element elementor-element-654b420\" data-id=\"654b420\" data-element_type=\"column\">\n\t\t\t<div class=\"elementor-widget-wrap elementor-element-populated\">\n\t\t\t\t\t\t\t\t<div class=\"elementor-element elementor-element-66427a7 elementor-widget elementor-widget-image\" data-id=\"66427a7\" data-element_type=\"widget\" data-widget_type=\"image.default\">\n\t\t\t\t<div class=\"elementor-widget-container\">\n\t\t\t\t\t\t\t\t\t\t\t\t\t\t\t<img decoding=\"async\" width=\"1200\" height=\"800\" src=\"https:\/\/pinars.com.tr\/wp-content\/uploads\/2023\/01\/Smear_tek.jpg\" class=\"attachment-full size-full wp-image-935\" alt=\"\" srcset=\"https:\/\/pinars.com.tr\/wp-content\/uploads\/2023\/01\/Smear_tek.jpg 1200w, https:\/\/pinars.com.tr\/wp-content\/uploads\/2023\/01\/Smear_tek-300x200.jpg 300w, https:\/\/pinars.com.tr\/wp-content\/uploads\/2023\/01\/Smear_tek-1024x683.jpg 1024w, https:\/\/pinars.com.tr\/wp-content\/uploads\/2023\/01\/Smear_tek-768x512.jpg 768w, https:\/\/pinars.com.tr\/wp-content\/uploads\/2023\/01\/Smear_tek-600x400.jpg 600w, https:\/\/pinars.com.tr\/wp-content\/uploads\/2023\/01\/Smear_tek-81x54.jpg 81w\" sizes=\"(max-width: 1200px) 100vw, 1200px\" \/>\t\t\t\t\t\t\t\t\t\t\t\t\t\t\t<\/div>\n\t\t\t\t<\/div>\n\t\t\t\t\t<\/div>\n\t\t<\/div>\n\t\t\t\t\t\t\t<\/div>\n\t\t<\/section>\n\t\t\t\t<section class=\"elementor-section elementor-top-section elementor-element elementor-element-35db202 elementor-section-boxed elementor-section-height-default elementor-section-height-default\" data-id=\"35db202\" data-element_type=\"section\">\n\t\t\t\t\t\t<div class=\"elementor-container elementor-column-gap-default\">\n\t\t\t\t\t<div class=\"elementor-column elementor-col-50 elementor-top-column elementor-element elementor-element-b594763\" data-id=\"b594763\" data-element_type=\"column\">\n\t\t\t<div class=\"elementor-widget-wrap elementor-element-populated\">\n\t\t\t\t\t\t\t\t<div class=\"elementor-element elementor-element-493bf8f elementor-widget elementor-widget-image\" data-id=\"493bf8f\" data-element_type=\"widget\" data-widget_type=\"image.default\">\n\t\t\t\t<div class=\"elementor-widget-container\">\n\t\t\t\t\t\t\t\t\t\t\t\t\t\t\t<img decoding=\"async\" src=\"https:\/\/pinars.com.tr\/wp-content\/uploads\/2023\/02\/easy-smear-450x450.webp\" title=\"easy-smear\" alt=\"easy-smear\" loading=\"lazy\" \/>\t\t\t\t\t\t\t\t\t\t\t\t\t\t\t<\/div>\n\t\t\t\t<\/div>\n\t\t\t\t\t<\/div>\n\t\t<\/div>\n\t\t\t\t<div class=\"elementor-column elementor-col-50 elementor-top-column elementor-element elementor-element-14ddaa8\" data-id=\"14ddaa8\" data-element_type=\"column\">\n\t\t\t<div class=\"elementor-widget-wrap elementor-element-populated\">\n\t\t\t\t\t\t\t\t<div class=\"elementor-element elementor-element-5514ae7 elementor-widget elementor-widget-heading\" data-id=\"5514ae7\" data-element_type=\"widget\" data-widget_type=\"heading.default\">\n\t\t\t\t<div class=\"elementor-widget-container\">\n\t\t\t<style>\/*! elementor - v3.18.0 - 08-12-2023 *\/\n.elementor-heading-title{padding:0;margin:0;line-height:1}.elementor-widget-heading .elementor-heading-title[class*=elementor-size-]>a{color:inherit;font-size:inherit;line-height:inherit}.elementor-widget-heading .elementor-heading-title.elementor-size-small{font-size:15px}.elementor-widget-heading .elementor-heading-title.elementor-size-medium{font-size:19px}.elementor-widget-heading .elementor-heading-title.elementor-size-large{font-size:29px}.elementor-widget-heading .elementor-heading-title.elementor-size-xl{font-size:39px}.elementor-widget-heading .elementor-heading-title.elementor-size-xxl{font-size:59px}<\/style><h4 class=\"elementor-heading-title elementor-size-default\">Neden Easy Smear?<\/h4>\t\t<\/div>\n\t\t\t\t<\/div>\n\t\t\t\t<div class=\"elementor-element elementor-element-9c68756 elementor-widget elementor-widget-text-editor\" data-id=\"9c68756\" data-element_type=\"widget\" data-widget_type=\"text-editor.default\">\n\t\t\t\t<div class=\"elementor-widget-container\">\n\t\t\t\t\t\t\t<p class=\"p1\">Kanser taramas\u0131, HPV, cinsel yolla bula\u015fan hastal\u0131klar i\u00e7in yap\u0131lacak olan testlerde numunenin al\u0131nmas\u0131n\u0131 sa\u011fl\u0131yor, hatta vajinal mantar da sonu\u00e7larda g\u00f6ru\u0308ntu\u0308lenebilmekte.<\/p><p class=\"p1\">Easy Smear tasar\u0131m\u0131 ile kullanan ki\u015fi kad\u0131n do\u011fum uzman\u0131 olmasa da kullanan sa\u011fl\u0131k personelinin do\u011fru alana ula\u015ft\u0131\u011f\u0131n\u0131 ve do\u011fru alandan numune ald\u0131\u011f\u0131n\u0131 bilebilecek.<\/p><p class=\"p1\">Vajinal spekulum kullanmaya ihtiya\u00e7 yok, vajinal spekulum kullanmay\u0131nca da a\u011fr\u0131 ya da ac\u0131 yok. Baz\u0131 hastalar spekulumdan rahats\u0131z oluyor, \u00f6zellikle vajinusmus hastalar\u0131nda hastada \u00e7ok bu\u0308yu\u0308k kolayl\u0131k sa\u011fl\u0131yor. Ya\u015fl\u0131 hastalarda hormon eksikli\u011fine ba\u011fl\u0131 vajinal daralma meydana geliyor, yine bu hastalarda \u00e7ok bu\u0308yu\u0308k kolayl\u0131k sa\u011fl\u0131yor.<\/p><p class=\"p1\">Bir hastan\u0131n ak\u0131nt\u0131 \u015fikayeti, ara kanamas\u0131 yoksa, spekulum ile kar\u015f\u0131ya bakmay\u0131 gerektiren bir durum yoksa hastan\u0131n kad\u0131n do\u011fum uzman\u0131 taraf\u0131ndan EASY SMEAR ile muayene edilmesi hastan\u0131n konforunu art\u0131racakt\u0131r. Bu sebeple normal muayenelerde bile tercih edilebilecek bir y\u00f6ntemdir.<\/p>\t\t\t\t\t\t<\/div>\n\t\t\t\t<\/div>\n\t\t\t\t\t<\/div>\n\t\t<\/div>\n\t\t\t\t\t\t\t<\/div>\n\t\t<\/section>\n\t\t\t\t<section class=\"elementor-section elementor-top-section elementor-element elementor-element-0a0c869 elementor-section-boxed elementor-section-height-default elementor-section-height-default\" data-id=\"0a0c869\" data-element_type=\"section\">\n\t\t\t\t\t\t<div class=\"elementor-container elementor-column-gap-default\">\n\t\t\t\t\t<div class=\"elementor-column elementor-col-100 elementor-top-column elementor-element elementor-element-633265d\" data-id=\"633265d\" data-element_type=\"column\">\n\t\t\t<div class=\"elementor-widget-wrap elementor-element-populated\">\n\t\t\t\t\t\t\t\t<div class=\"elementor-element elementor-element-7f2eec5 elementor-widget elementor-widget-heading\" data-id=\"7f2eec5\" data-element_type=\"widget\" data-widget_type=\"heading.default\">\n\t\t\t\t<div class=\"elementor-widget-container\">\n\t\t\t<h4 class=\"elementor-heading-title elementor-size-default\">Nerelerde Kullan\u0131labilir?<\/h4>\t\t<\/div>\n\t\t\t\t<\/div>\n\t\t\t\t<section class=\"elementor-section elementor-inner-section elementor-element elementor-element-611208b elementor-section-boxed elementor-section-height-default elementor-section-height-default\" data-id=\"611208b\" data-element_type=\"section\">\n\t\t\t\t\t\t<div class=\"elementor-container elementor-column-gap-default\">\n\t\t\t\t\t<div class=\"elementor-column elementor-col-50 elementor-inner-column elementor-element elementor-element-aceb822\" data-id=\"aceb822\" data-element_type=\"column\">\n\t\t\t<div class=\"elementor-widget-wrap elementor-element-populated\">\n\t\t\t\t\t\t\t\t<div class=\"elementor-element elementor-element-35bbd74 elementor-widget elementor-widget-medibazar-icon-box\" data-id=\"35bbd74\" data-element_type=\"widget\" data-widget_type=\"medibazar-icon-box.default\">\n\t\t\t\t<div class=\"elementor-widget-container\">\n\t\t\t<div class=\"features-wrapper\"><div class=\"features-icon fe-1 f-left\" style=\"color:#4e97fd\"><i aria-hidden=\"false\" class=\"fas fa-hand-holding-medical\"><\/i><\/div><div class=\"features-text\"><h3>Muayenehanede<\/h3><p>Muayenehanede, kad\u0131n do\u011fum uzman\u0131 vajinal spekulum kullanmadan a\u011fr\u0131s\u0131z ve ac\u0131s\u0131z bir \u015fekilde numune alabilecektir.\n\n<\/p><\/div><\/div>\t\t<\/div>\n\t\t\t\t<\/div>\n\t\t\t\t\t<\/div>\n\t\t<\/div>\n\t\t\t\t<div class=\"elementor-column elementor-col-50 elementor-inner-column elementor-element elementor-element-00bb929\" data-id=\"00bb929\" data-element_type=\"column\">\n\t\t\t<div class=\"elementor-widget-wrap elementor-element-populated\">\n\t\t\t\t\t\t\t\t<div class=\"elementor-element elementor-element-03b2a24 elementor-widget elementor-widget-medibazar-icon-box\" data-id=\"03b2a24\" data-element_type=\"widget\" data-widget_type=\"medibazar-icon-box.default\">\n\t\t\t\t<div class=\"elementor-widget-container\">\n\t\t\t<div class=\"features-wrapper\"><div class=\"features-icon fe-1 f-left\" style=\"color:#4e97fd\"><i aria-hidden=\"false\" class=\"fas fa-clinic-medical\"><\/i><\/div><div class=\"features-text\"><h3>Poliklinikte \/ Hastanede:<\/h3><p>\n\nKad\u0131n do\u011fum doktoru ya da hem\u015firesi, ya da her hangi bir sa\u011fl\u0131k personeli vajinal spekulum kullanmadan a\u011fr\u0131s\u0131z ve ac\u0131s\u0131z bir \u015fekilde numune alabilecektir.\n<\/p><\/div><\/div>\t\t<\/div>\n\t\t\t\t<\/div>\n\t\t\t\t\t<\/div>\n\t\t<\/div>\n\t\t\t\t\t\t\t<\/div>\n\t\t<\/section>\n\t\t\t\t<section class=\"elementor-section elementor-inner-section elementor-element elementor-element-54bdef7 elementor-section-boxed elementor-section-height-default elementor-section-height-default\" data-id=\"54bdef7\" data-element_type=\"section\">\n\t\t\t\t\t\t<div class=\"elementor-container elementor-column-gap-default\">\n\t\t\t\t\t<div class=\"elementor-column elementor-col-50 elementor-inner-column elementor-element elementor-element-be427d8\" data-id=\"be427d8\" data-element_type=\"column\">\n\t\t\t<div class=\"elementor-widget-wrap elementor-element-populated\">\n\t\t\t\t\t\t\t\t<div class=\"elementor-element elementor-element-f18cc03 elementor-widget elementor-widget-medibazar-icon-box\" data-id=\"f18cc03\" data-element_type=\"widget\" data-widget_type=\"medibazar-icon-box.default\">\n\t\t\t\t<div class=\"elementor-widget-container\">\n\t\t\t<div class=\"features-wrapper\"><div class=\"features-icon fe-1 f-left\" style=\"color:#4e97fd\"><i aria-hidden=\"false\" class=\"fas fa-first-aid\"><\/i><\/div><div class=\"features-text\"><h3>Sa\u011fl\u0131k Oca\u011f\u0131nda:<\/h3><p>Kad\u0131n do\u011fum doktoruna ula\u015f\u0131m\u0131 olmayan, ya da kad\u0131n do\u011fum doktoruna gerek kalmadan du\u0308zenli kontrolleri yapmak ad\u0131na daha h\u0131zl\u0131 bir \u015fekilde sonuca ula\u015fmak i\u00e7in sa\u011fl\u0131k oca\u011f\u0131nda aile hekimi ya da hem\u015fire numune alabilecektir.<\/p><\/div><\/div>\t\t<\/div>\n\t\t\t\t<\/div>\n\t\t\t\t\t<\/div>\n\t\t<\/div>\n\t\t\t\t<div class=\"elementor-column elementor-col-50 elementor-inner-column elementor-element elementor-element-60a351b\" data-id=\"60a351b\" data-element_type=\"column\">\n\t\t\t<div class=\"elementor-widget-wrap elementor-element-populated\">\n\t\t\t\t\t\t\t\t<div class=\"elementor-element elementor-element-b6b05c3 elementor-widget elementor-widget-medibazar-icon-box\" data-id=\"b6b05c3\" data-element_type=\"widget\" data-widget_type=\"medibazar-icon-box.default\">\n\t\t\t\t<div class=\"elementor-widget-container\">\n\t\t\t<div class=\"features-wrapper\"><div class=\"features-icon fe-1 f-left\" style=\"color:#4e97fd\"><i aria-hidden=\"false\" class=\"fas fa-notes-medical\"><\/i><\/div><div class=\"features-text\"><h3>Laboratuvarda:<\/h3><p>Laboratuvarda y\u0131ll\u0131k check-up yapt\u0131r\u0131rken smear ve HPV de bak\u0131labilmesi i\u00e7in hem\u015fireler ya da herhangi bir doktor numune alabilecektir. Laboratuvarda kad\u0131n do\u011fum uzman\u0131 olmasa da HPV, smear ya da cinsel yolla bula\u015fan hastal\u0131k taramas\u0131 yapabileceklerdir. Ya da \u015fu\u0308pheli bir cinsel ili\u015fki sonras\u0131nda test yap\u0131labilecektir.\n<\/p><\/div><\/div>\t\t<\/div>\n\t\t\t\t<\/div>\n\t\t\t\t\t<\/div>\n\t\t<\/div>\n\t\t\t\t\t\t\t<\/div>\n\t\t<\/section>\n\t\t\t\t<div class=\"elementor-element elementor-element-95cd270 elementor-widget elementor-widget-medibazar-icon-box\" data-id=\"95cd270\" data-element_type=\"widget\" data-widget_type=\"medibazar-icon-box.default\">\n\t\t\t\t<div class=\"elementor-widget-container\">\n\t\t\t<div class=\"features-wrapper\"><div class=\"features-icon fe-1 f-left\" style=\"color:#4e97fd\"><i aria-hidden=\"false\" class=\"fas fa-home\"><\/i><\/div><div class=\"features-text\"><h3>Evde:<\/h3><p>Bir kad\u0131n do\u011fum doktoru klasik y\u00f6ntemle kendi smear numunesini kendi alamamakta, ama EASY SMEAR ile birlikte kendi numunesini kendi alabilecek, hatta tu\u0308m sa\u011fl\u0131k personeli kendi numunesini kendi alabilecektir.<\/p><\/div><\/div>\t\t<\/div>\n\t\t\t\t<\/div>\n\t\t\t\t\t<\/div>\n\t\t<\/div>\n\t\t\t\t\t\t\t<\/div>\n\t\t<\/section>\n\t\t\t\t<section class=\"elementor-section elementor-top-section elementor-element elementor-element-6853155 elementor-section-boxed elementor-section-height-default elementor-section-height-default\" data-id=\"6853155\" data-element_type=\"section\">\n\t\t\t\t\t\t<div class=\"elementor-container elementor-column-gap-default\">\n\t\t\t\t\t<div class=\"elementor-column elementor-col-100 elementor-top-column elementor-element elementor-element-1eb5f15\" data-id=\"1eb5f15\" data-element_type=\"column\">\n\t\t\t<div class=\"elementor-widget-wrap elementor-element-populated\">\n\t\t\t\t\t\t\t\t<div class=\"elementor-element elementor-element-2612bd6 elementor-widget elementor-widget-spacer\" data-id=\"2612bd6\" data-element_type=\"widget\" data-widget_type=\"spacer.default\">\n\t\t\t\t<div class=\"elementor-widget-container\">\n\t\t\t<style>\/*! elementor - v3.18.0 - 08-12-2023 *\/\n.elementor-column .elementor-spacer-inner{height:var(--spacer-size)}.e-con{--container-widget-width:100%}.e-con-inner>.elementor-widget-spacer,.e-con>.elementor-widget-spacer{width:var(--container-widget-width,var(--spacer-size));--align-self:var(--container-widget-align-self,initial);--flex-shrink:0}.e-con-inner>.elementor-widget-spacer>.elementor-widget-container,.e-con>.elementor-widget-spacer>.elementor-widget-container{height:100%;width:100%}.e-con-inner>.elementor-widget-spacer>.elementor-widget-container>.elementor-spacer,.e-con>.elementor-widget-spacer>.elementor-widget-container>.elementor-spacer{height:100%}.e-con-inner>.elementor-widget-spacer>.elementor-widget-container>.elementor-spacer>.elementor-spacer-inner,.e-con>.elementor-widget-spacer>.elementor-widget-container>.elementor-spacer>.elementor-spacer-inner{height:var(--container-widget-height,var(--spacer-size))}.e-con-inner>.elementor-widget-spacer.elementor-widget-empty,.e-con>.elementor-widget-spacer.elementor-widget-empty{position:relative;min-height:22px;min-width:22px}.e-con-inner>.elementor-widget-spacer.elementor-widget-empty .elementor-widget-empty-icon,.e-con>.elementor-widget-spacer.elementor-widget-empty .elementor-widget-empty-icon{position:absolute;top:0;bottom:0;left:0;right:0;margin:auto;padding:0;width:22px;height:22px}<\/style>\t\t<div class=\"elementor-spacer\">\n\t\t\t<div class=\"elementor-spacer-inner\"><\/div>\n\t\t<\/div>\n\t\t\t\t<\/div>\n\t\t\t\t<\/div>\n\t\t\t\t<section class=\"elementor-section elementor-inner-section elementor-element elementor-element-8a27d1f elementor-section-boxed elementor-section-height-default elementor-section-height-default\" data-id=\"8a27d1f\" data-element_type=\"section\">\n\t\t\t\t\t\t<div class=\"elementor-container elementor-column-gap-default\">\n\t\t\t\t\t<div class=\"elementor-column elementor-col-50 elementor-inner-column elementor-element elementor-element-cfd5dcb\" data-id=\"cfd5dcb\" data-element_type=\"column\">\n\t\t\t<div class=\"elementor-widget-wrap elementor-element-populated\">\n\t\t\t\t\t\t\t\t<div class=\"elementor-element elementor-element-8e0fcd9 elementor-widget elementor-widget-image\" data-id=\"8e0fcd9\" data-element_type=\"widget\" data-widget_type=\"image.default\">\n\t\t\t\t<div class=\"elementor-widget-container\">\n\t\t\t\t\t\t\t\t\t\t\t\t\t\t\t<img decoding=\"async\" src=\"https:\/\/pinars.com.tr\/wp-content\/uploads\/2023\/02\/MFT_0791.png\" title=\"MFT_0791\" alt=\"MFT_0791\" loading=\"lazy\" \/>\t\t\t\t\t\t\t\t\t\t\t\t\t\t\t<\/div>\n\t\t\t\t<\/div>\n\t\t\t\t\t<\/div>\n\t\t<\/div>\n\t\t\t\t<div class=\"elementor-column elementor-col-50 elementor-inner-column elementor-element elementor-element-a155a7c\" data-id=\"a155a7c\" data-element_type=\"column\">\n\t\t\t<div class=\"elementor-widget-wrap elementor-element-populated\">\n\t\t\t\t\t\t\t\t<div class=\"elementor-element elementor-element-d51349f elementor-widget elementor-widget-heading\" data-id=\"d51349f\" data-element_type=\"widget\" data-widget_type=\"heading.default\">\n\t\t\t\t<div class=\"elementor-widget-container\">\n\t\t\t<h2 class=\"elementor-heading-title elementor-size-default\">Neden Konik U\u00e7lu F\u0131r\u00e7a?<\/h2>\t\t<\/div>\n\t\t\t\t<\/div>\n\t\t\t\t<div class=\"elementor-element elementor-element-8a5817f elementor-widget elementor-widget-text-editor\" data-id=\"8a5817f\" data-element_type=\"widget\" data-widget_type=\"text-editor.default\">\n\t\t\t\t<div class=\"elementor-widget-container\">\n\t\t\t\t\t\t\t<p>Yu\u0308zey alan\u0131 \u00e7am tipi ve rimel tipine g\u00f6re daha geni\u015f ve f\u0131r\u00e7a ucunda daha fazla k\u0131l oldu\u011fu i\u00e7in daha fazla hu\u0308cre alma ve \u015fekli itibariyle onu koruma \u015fans\u0131 yu\u0308ksek.<\/p><p>Yap\u0131lan \u00e7al\u0131\u015fmada hem endoserviks ve ektoserviks hu\u0308crelerinin al\u0131nmas\u0131nda %100 sonu\u00e7 elde edildi.<\/p>\t\t\t\t\t\t<\/div>\n\t\t\t\t<\/div>\n\t\t\t\t\t<\/div>\n\t\t<\/div>\n\t\t\t\t\t\t\t<\/div>\n\t\t<\/section>\n\t\t\t\t<div class=\"elementor-element elementor-element-bfd15e5 elementor-widget elementor-widget-spacer\" data-id=\"bfd15e5\" data-element_type=\"widget\" data-widget_type=\"spacer.default\">\n\t\t\t\t<div class=\"elementor-widget-container\">\n\t\t\t\t\t<div class=\"elementor-spacer\">\n\t\t\t<div class=\"elementor-spacer-inner\"><\/div>\n\t\t<\/div>\n\t\t\t\t<\/div>\n\t\t\t\t<\/div>\n\t\t\t\t<div class=\"elementor-element elementor-element-8886354 elementor-widget elementor-widget-medibazar-button\" data-id=\"8886354\" data-element_type=\"widget\" data-widget_type=\"medibazar-button.default\">\n\t\t\t\t<div class=\"elementor-widget-container\">\n\t\t\t<div class=\"medibazar-button\"><a class=\"c-btn button light medium wide medibazar-btn\" href=\"https:\/\/easysmear.com\/\" target=\"_blank\">Daha fazlas\u0131 i\u00e7in... <\/a><\/div>\t\t<\/div>\n\t\t\t\t<\/div>\n\t\t\t\t\t<\/div>\n\t\t<\/div>\n\t\t\t\t\t\t\t<\/div>\n\t\t<\/section>\n\t\t\t\t\t\t\t<\/div>\n\t\t","protected":false},"excerpt":{"rendered":"<p>Easy Smear Tek Kullan\u0131ml\u0131k Steril Smear Aparat\u0131 Her\u015feyin de\u011fi\u015fti\u011fi ve kurallar\u0131n alt \u00fcst \u015fu d\u00f6nemde rahim a\u011fz\u0131 kanser testini (smear testini) daha kolay hale getirmek ve yayg\u0131nla\u015ft\u0131rmak i\u00e7in yeni bir y\u00f6ntem geli\u015ftirdik. \u00a0 Bu sayede kad\u0131n do\u011fum doktorunun olmad\u0131\u011f\u0131 ya da vajinal spekulumun kullan\u0131lmad\u0131\u011f\u0131 bir ortamda \u00f6rnek al\u0131nabilecek. Jinekolojik muayene olmaktan ya da spekulumden korkan,<\/p>\n<div class=\"klb-readmore\"><a class=\"c-btn\" href=\"https:\/\/pinars.com.tr\/index.php\/easysmear\/\">Read More <i class=\"far fa-plus\"><\/i><\/a><\/div>\n","protected":false},"author":1,"featured_media":0,"parent":0,"menu_order":0,"comment_status":"closed","ping_status":"closed","template":"","meta":{"om_disable_all_campaigns":false,"_monsterinsights_skip_tracking":false,"_monsterinsights_sitenote_active":false,"_monsterinsights_sitenote_note":"","_monsterinsights_sitenote_category":0,"footnotes":""},"class_list":["post-683","page","type-page","status-publish","hentry"],"_links":{"self":[{"href":"https:\/\/pinars.com.tr\/index.php\/wp-json\/wp\/v2\/pages\/683","targetHints":{"allow":["GET"]}}],"collection":[{"href":"https:\/\/pinars.com.tr\/index.php\/wp-json\/wp\/v2\/pages"}],"about":[{"href":"https:\/\/pinars.com.tr\/index.php\/wp-json\/wp\/v2\/types\/page"}],"author":[{"embeddable":true,"href":"https:\/\/pinars.com.tr\/index.php\/wp-json\/wp\/v2\/users\/1"}],"replies":[{"embeddable":true,"href":"https:\/\/pinars.com.tr\/index.php\/wp-json\/wp\/v2\/comments?post=683"}],"version-history":[{"count":84,"href":"https:\/\/pinars.com.tr\/index.php\/wp-json\/wp\/v2\/pages\/683\/revisions"}],"predecessor-version":[{"id":1411,"href":"https:\/\/pinars.com.tr\/index.php\/wp-json\/wp\/v2\/pages\/683\/revisions\/1411"}],"wp:attachment":[{"href":"https:\/\/pinars.com.tr\/index.php\/wp-json\/wp\/v2\/media?parent=683"}],"curies":[{"name":"wp","href":"https:\/\/api.w.org\/{rel}","templated":true}]}}